{"id":507,"date":"2026-04-14T17:41:43","date_gmt":"2026-04-14T15:41:43","guid":{"rendered":"https:\/\/ardero.uwb.pl\/index.php\/o-mnie\/"},"modified":"2026-04-17T10:19:26","modified_gmt":"2026-04-17T08:19:26","slug":"o-nas","status":"publish","type":"page","link":"https:\/\/ardero.uwb.pl\/index.php\/o-nas\/","title":{"rendered":"O nas"},"content":{"rendered":"\t\t<div data-elementor-type=\"wp-page\" data-elementor-id=\"507\" class=\"elementor elementor-507\" data-elementor-post-type=\"page\">\n\t\t\t\t<div class=\"elementor-element elementor-element-7655e3ef e-flex e-con-boxed e-con e-parent\" data-id=\"7655e3ef\" data-element_type=\"container\" data-e-type=\"container\">\n\t\t\t\t\t<div class=\"e-con-inner\">\n\t\t<div class=\"elementor-element elementor-element-2f7df0da e-con-full e-flex e-con e-child\" data-id=\"2f7df0da\" data-element_type=\"container\" data-e-type=\"container\">\n\t\t\t\t<div class=\"elementor-element elementor-element-1e671146 elementor-widget elementor-widget-heading\" data-id=\"1e671146\" data-element_type=\"widget\" data-e-type=\"widget\" data-widget_type=\"heading.default\">\n\t\t\t\t\t<h3 class=\"elementor-heading-title elementor-size-default\">O nas<\/h3>\t\t\t\t<\/div>\n\t\t\t\t<div class=\"elementor-element elementor-element-461fa4bf elementor-widget elementor-widget-heading\" data-id=\"461fa4bf\" data-element_type=\"widget\" data-e-type=\"widget\" data-widget_type=\"heading.default\">\n\t\t\t\t\t<h2 class=\"elementor-heading-title elementor-size-default\">Poznaj firm\u0119 ARDERO i sprawd\u017a, jak \u0142\u0105czymy monitoring GPS, zabezpieczenia pojazd\u00f3w oraz systemy bezpiecze\u0144stwa dla domu i firmy.<\/h2>\t\t\t\t<\/div>\n\t\t\t\t<div class=\"elementor-element elementor-element-6874be4f elementor-widget elementor-widget-text-editor\" data-id=\"6874be4f\" data-element_type=\"widget\" data-e-type=\"widget\" data-widget_type=\"text-editor.default\">\n\t\t\t\t\t\t\t\t\t<p class=\"p1\"><span class=\"s1\">ARDERO to firma, kt\u00f3ra \u0142\u0105czy nowoczesne technologie zwi\u0105zane z monitoringiem, zabezpieczeniami i bezpiecze\u0144stwem pojazd\u00f3w oraz obiekt\u00f3w.<\/span> Tworzymy rozwi\u0105zania dla klient\u00f3w indywidualnych i firm, pomagaj\u0105c dobra\u0107 system dopasowany do konkretnych potrzeb, sposobu u\u017cytkowania oraz oczekiwanego poziomu kontroli i ochrony.<\/p><p class=\"p1\">Nasza dzia\u0142alno\u015b\u0107 obejmuje kilka g\u0142\u00f3wnych obszar\u00f3w. Zajmujemy si\u0119 monitoringiem GPS pojazd\u00f3w, zabezpieczeniami samochod\u00f3w, alarmami samochodowymi, wideorejestratorami oraz systemami alarmowymi i monitoringiem dla domu i firmy. Dzi\u0119ki temu klient trafia do jednego miejsca i mo\u017ce skorzysta\u0107 z rozwi\u0105za\u0144 obejmuj\u0105cych zar\u00f3wno lokalizacj\u0119 i kontrol\u0119 pojazdu, jak i jego ochron\u0119 oraz zabezpieczenie obiektu.<\/p><p class=\"p1\">Stawiamy na rozwi\u0105zania, kt\u00f3re maj\u0105 praktyczne zastosowanie w codziennym u\u017cytkowaniu. Liczy si\u0119 dla nas nie tylko samo urz\u0105dzenie czy system, ale przede wszystkim to, czy realnie odpowiada on na potrzeby klienta i sprawdza si\u0119 w praktyce. Dlatego pomagamy przej\u015b\u0107 przez ca\u0142y proces \u2014 od rozpoznania potrzeb, przez dob\u00f3r rozwi\u0105zania, a\u017c po wdro\u017cenie i dalsze wsparcie.<\/p><p class=\"p1\">ARDERO to jedna marka, pod kt\u00f3r\u0105 rozwijamy kilka wyspecjalizowanych obszar\u00f3w dzia\u0142alno\u015bci. Taki model pozwala nam \u0142\u0105czy\u0107 r\u00f3\u017cne kompetencje i proponowa\u0107 klientom rozwi\u0105zania dopasowane do pojazd\u00f3w, flot, dom\u00f3w, firm oraz obiekt\u00f3w wymagaj\u0105cych skutecznych system\u00f3w bezpiecze\u0144stwa.<\/p>\t\t\t\t\t\t\t\t<\/div>\n\t\t\t\t<\/div>\n\t\t<div class=\"elementor-element elementor-element-7040f096 e-con-full e-flex e-con e-child\" data-id=\"7040f096\" data-element_type=\"container\" data-e-type=\"container\">\n\t\t\t\t<div class=\"elementor-element elementor-element-608d5f55 elementor-widget elementor-widget-image\" data-id=\"608d5f55\" data-element_type=\"widget\" data-e-type=\"widget\" data-widget_type=\"image.default\">\n\t\t\t\t\t\t\t\t\t\t\t\t\t\t\t<img fetchpriority=\"high\" decoding=\"async\" width=\"1333\" height=\"2000\" src=\"https:\/\/ardero.uwb.pl\/wp-content\/uploads\/2026\/04\/2149036905.jpg\" class=\"attachment-full size-full wp-image-1404\" alt=\"\" srcset=\"https:\/\/ardero.uwb.pl\/wp-content\/uploads\/2026\/04\/2149036905.jpg 1333w, https:\/\/ardero.uwb.pl\/wp-content\/uploads\/2026\/04\/2149036905-200x300.jpg 200w, https:\/\/ardero.uwb.pl\/wp-content\/uploads\/2026\/04\/2149036905-682x1024.jpg 682w, https:\/\/ardero.uwb.pl\/wp-content\/uploads\/2026\/04\/2149036905-768x1152.jpg 768w, https:\/\/ardero.uwb.pl\/wp-content\/uploads\/2026\/04\/2149036905-1024x1536.jpg 1024w\" sizes=\"(max-width: 1333px) 100vw, 1333px\" \/>\t\t\t\t\t\t\t\t\t\t\t\t\t\t\t<\/div>\n\t\t\t\t<div class=\"elementor-element elementor-element-246a8595 elementor-widget__width-auto elementor-absolute animated-slow elementor-view-default elementor-invisible elementor-widget elementor-widget-icon\" data-id=\"246a8595\" data-element_type=\"widget\" data-e-type=\"widget\" data-settings=\"{&quot;_position&quot;:&quot;absolute&quot;,&quot;_animation&quot;:&quot;zoomInRight&quot;}\" data-widget_type=\"icon.default\">\n\t\t\t\t\t\t\t<div class=\"elementor-icon-wrapper\">\n\t\t\t<div class=\"elementor-icon\">\n\t\t\t<svg aria-hidden=\"true\" class=\"e-font-icon-svg e-fas-circle\" viewBox=\"0 0 512 512\" xmlns=\"http:\/\/www.w3.org\/2000\/svg\"><path d=\"M256 8C119 8 8 119 8 256s111 248 248 248 248-111 248-248S393 8 256 8z\"><\/path><\/svg>\t\t\t<\/div>\n\t\t<\/div>\n\t\t\t\t\t\t<\/div>\n\t\t\t\t<\/div>\n\t\t\t\t\t<\/div>\n\t\t\t\t<\/div>\n\t\t\t\t<\/div>\n\t\t","protected":false},"excerpt":{"rendered":"<p>O nas Poznaj firm\u0119 ARDERO i sprawd\u017a, jak \u0142\u0105czymy monitoring GPS, zabezpieczenia pojazd\u00f3w oraz systemy bezpiecze\u0144stwa dla domu i firmy. ARDERO to firma, kt\u00f3ra \u0142\u0105czy nowoczesne technologie zwi\u0105zane z monitoringiem, zabezpieczeniami i bezpiecze\u0144stwem pojazd\u00f3w oraz obiekt\u00f3w. Tworzymy rozwi\u0105zania dla klient\u00f3w indywidualnych i firm, pomagaj\u0105c dobra\u0107 system dopasowany do konkretnych potrzeb, sposobu u\u017cytkowania oraz oczekiwanego poziomu [&hellip;]<\/p>\n","protected":false},"author":1,"featured_media":0,"parent":0,"menu_order":0,"comment_status":"closed","ping_status":"closed","template":"elementor_header_footer","meta":{"footnotes":""},"class_list":["post-507","page","type-page","status-publish","hentry"],"_links":{"self":[{"href":"https:\/\/ardero.uwb.pl\/index.php\/wp-json\/wp\/v2\/pages\/507","targetHints":{"allow":["GET"]}}],"collection":[{"href":"https:\/\/ardero.uwb.pl\/index.php\/wp-json\/wp\/v2\/pages"}],"about":[{"href":"https:\/\/ardero.uwb.pl\/index.php\/wp-json\/wp\/v2\/types\/page"}],"author":[{"embeddable":true,"href":"https:\/\/ardero.uwb.pl\/index.php\/wp-json\/wp\/v2\/users\/1"}],"replies":[{"embeddable":true,"href":"https:\/\/ardero.uwb.pl\/index.php\/wp-json\/wp\/v2\/comments?post=507"}],"version-history":[{"count":17,"href":"https:\/\/ardero.uwb.pl\/index.php\/wp-json\/wp\/v2\/pages\/507\/revisions"}],"predecessor-version":[{"id":1795,"href":"https:\/\/ardero.uwb.pl\/index.php\/wp-json\/wp\/v2\/pages\/507\/revisions\/1795"}],"wp:attachment":[{"href":"https:\/\/ardero.uwb.pl\/index.php\/wp-json\/wp\/v2\/media?parent=507"}],"curies":[{"name":"wp","href":"https:\/\/api.w.org\/{rel}","templated":true}]}}